= s. What are the prime factors of i?
2, 3
Let d = 11 + -24. Let i = 40 + d. List the prime factors of i.
3
Suppose 5*o + 0 - 16 = -3*f, o = -f + 4. Suppose -3*y + 6 = 3*w + f*y, y = 0. List the prime factors of w.
2
Suppose -28 = 5*c - 173. Let d = 55 - c. Let z = -9 + d. List the prime factors of z.
17
Let o(a) = 2*a**3 - a**2 + a - 1. Let k be o(1). Let y(g) = 1 - k + 12*g. What are the prime factors of y(1)?
2, 3
Let k(r) = 5*r**2 - 4*r - 5. Let l be k(8). Suppose -2*h = -83 + l. What are the prime factors of 1/(h/34 - -3)?
17
Suppose f - 7 = -2*r, r + 0*r - 5*f + 2 = 0. Suppose 0 = -m - 4*i - r, -2*i = -5*m - 33 - 4. Let p(l) = -l**2 - 8*l - 3. List the prime factors of p(m).
2
Let z = -12 - -18. Suppose 0 = z*g - 4*g - 86. List the prime factors of g.
43
What are the prime factors of (12 - -1)*(0 + 2)?
2, 13
Suppose 3*o + 6*o - 2313 = 0. What are the prime factors of o?
257
Suppose -180 = -5*c + 5*w, 3*c + 2*w - 44 = 59. Suppose 11*s = 16*s - c. List the prime factors of s.
7
Let z(a) = a**2 + 2*a. Let o be z(4). List the prime factors of (o/(-20))/(1/(-10)).
2, 3
Suppose 3 + 9 = 3*b. Suppose l + v + 9 = 2*l, b*v = -l - 11. What are the prime factors of l?
5
Suppose -2*a - 16 = -6*a. What are the prime factors of a?
2
List the prime factors of (-3)/15*-287 - (-6)/(-15).
3, 19
Suppose -3*c - 15 = -5*u, 5*u - 15 = -c - 4*c. Let o = u + 3. What are the prime factors of o?
2, 3
Let b(r) = 2*r + 4. Let u(j) = 1. Let k(f) = 4*b(f) - 8*u(f). List the prime factors of k(3).
2
Let s be ((-4)/2 - -3)*0. Suppose -4*t - 4 = -s. Let n(l) = -11*l**3 + l + 1. What are the prime factors of n(t)?
11
List the prime factors of (-25)/(-3)*(-6)/(-2).
5
Suppose 7*l + 5*n = 2*l + 20, -3*l = -3*n. Let k(b) = 1 - 3 - 3*b**2 - 2*b**l + 6*b**2. What are the prime factors of k(-3)?
7
Suppose 0 = 6*z - 166 - 104. List the prime factors of 16/12*z/2.
2, 3, 5
Suppose -5*g = -2*g + 3. Let m be g/3 - (-1)/3. Suppose m = -q - 5, 2*q - 2 = -i - 8. What are the prime factors of i?
2
List the prime factors of (-67 - -3)*5/(-4).
2, 5
Suppose -8*c - u - 29 = -3*c, -3*c - 5*u - 35 = 0. Let y = 20 + c. List the prime factors of ((-9)/y)/(2/(-10)).
3
Let z(b) = 2*b**3 - b. Let q be z(1). Let x(p) = -7*p**2 + p - 5. Let c(a) = 1. Let f(g) = -4*c(g) - x(g). What are the prime factors of f(q)?
7
Let c(i) = i**2 - 5*i. What are the prime factors of c(-4)?
2, 3
Let x(m) = -4*m - 2. Let c(i) = i**2 + 4*i - 7. Let p be c(-5). Let h be x(p). What are the prime factors of 3/h*4/1?
2
Suppose -4*r + 20 + 0 = 0. Suppose 0 = r*l - 13 - 7. Suppose -l*i = -12, -3*m - 2*i + 24 = -48. List the prime factors of m.
2, 11
Suppose 4*x - 7*x = 0. Suppose x*n = 3*n - 123. What are the prime factors of n?
41
List the prime factors of 5/15 - ((-1797)/9 - 1).
3, 67
Let k(u) = 5*u - 2. What are the prime factors of k(17)?
83
Suppose -4*v - g = 0, 2*v + v - 5*g = 0. Suppose v = -2*j + 61 - 21. What are the prime factors of j?
2, 5
Suppose 3*x - 112 = -5*z, -3*z = 2*z - 10. What are the prime factors of x?
2, 17
Suppose 5*w - w - 1304 = -4*p, 5*p = -3*w + 1624. What are the prime factors of p?
17, 19
Suppose -4*i = -5*c - 2*i - 355, -c - 4*i - 49 = 0. Let b = -41 - c. List the prime factors of b.
2, 7
Let b be 13 + (2 + -2)/3. Let g = b - 8. Suppose -g*n = -0*q - 5*q + 30, -2*q + 2 = -4*n. List the prime factors of q.
11
Suppose 9 - 3 = 3*p. Let s(y) = 3*y - 1. List the prime factors of s(p).
5
Let c(t) be the second derivative of t**4/3 + t**2/2 - 2*t. Let g be c(1). Suppose 30 + g = 5*w. What are the prime factors of w?
7
Suppose 6 = 2*m - 4*n, 0 = -3*m - 5*n + 27 - 7. Suppose m*u - 2 = 4*u. Suppose o - u*o = -2. What are the prime factors of o?
2
Suppose 0*c - 4*c = 3*n + 136, -5*n + 5*c = 215. Let z = 66 + n. List the prime factors of z.
2, 11
Let r be -2*(-3)/(-6) - 2. List the prime factors of r/(-1) + (-2 - -9).
2, 5
Let p = -1 - 4. Let y = 4 - p. List the prime factors of y.
3
Let u be (1 + 11)*(-8)/6. Let j = -4 - u. List the prime factors of j.
2, 3
Suppose -2*m - 6 = 2*y, -8 + 0 = m + 2*y. Let z = -10 + 7. What are the prime factors of (z - -8)/(1/m)?
2, 5
Let u = 36 - 81. Let h be u/6*(-2)/3. Suppose 0 = 3*j - g - 38, 3 = -h*g + 8. What are the prime factors of j?
13
Let b(a) = a + 5. Let t be b(-6). Let c be ((-1)/t)/(4/8). Suppose -c*j - 2*i - 19 = -3*j, 0 = 3*j + 5*i - 13. What are the prime factors of j?
11
Suppose -2*l + 4 = 2*m, -5*l + m + 13 = -l. What are the prime factors of l?
3
Let m = 4 + -1. Suppose 5*b + m = -2. List the prime factors of b/(-3) - (-10)/6.
2
Let i = 17 + 91. Suppose -i = -5*k + x, 4*k - 28 = x + 58. List the prime factors of k.
2, 11
Let u = -29 + 42. Let t = 5 - u. Let o(h) = -h**3 - 9*h**2 - 8*h + 9. List the prime factors of o(t).
3
Suppose 92 = 5*s - 53. What are the prime factors of s?
29
Suppose -3*z = -4*u + 4 - 6, -5*u = 5*z - 15. Suppose 20 = z*m - 6. List the prime factors of m.
13
What are the prime factors of 28 - ((-3)/(-9) - (-15)/9)?
2, 13
Let f(m) be the second derivative of m**3/6 + 4*m**2 + m. Suppose -3*s - 15 = 0, s = 3*p + 3*s + 10. List the prime factors of f(p).
2
Let g(r) = -33*r**2 + r. Let d be g(-1). Let u = -15 - d. What are the prime factors of u?
19
Suppose 198 = -5*x + 7*x. List the prime factors of x.
3, 11
List the prime factors of 3/(1323/438 + -3) + -3.
11, 13
Let y = 14 + -9. Suppose a - 78 = -y*a. What are the prime factors of a?
13
Suppose 4*t - 4*h - 8 = 0, -5*h - 5 + 1 = -3*t. Suppose -2*l = -3*l + 5*c + 36, 5*l + t*c = 124. List the prime factors of l.
2, 13
Suppose 5*s - 96 - 12 = -3*r, 0 = -s + r + 28. Suppose 77 = -4*x + 3*a, -3*x + 3*a = 6*a + 42. Let h = x + s. List the prime factors of h.
7
Suppose m + 3*m - 160 = 0. What are the prime factors of m?
2, 5
What are the prime factors of ((-810)/(-40))/(3/32)?
2, 3
Let a = -2 + -2. Let g(b) = -2*b**2 - 5*b + 1. Let s be g(-4). Let l = a - s. What are the prime factors of l?
7
Suppose 3*k - 72 = -k. Suppose -5*n - 3 = -k. Suppose -n*j + 15 = -18. List the prime factors of j.
11
Suppose 2*m = 2*d + 372, 0 = m - 0*d - 2*d - 184. What are the prime factors of m?
2, 47
Suppose -20 = -4*d - 0*d. Let p(v) = v**3 - v + 8. Let q be p(0). Suppose -4*m + 16 = 4*w, -m + 0 = d*w + q. What are the prime factors of m?
7
Suppose 10 = -5*g - 2*m - 0*m, -20 = 4*g + 4*m. List the prime factors of -2 + 2 + g - -14.
2, 7
Suppose -u + 3*u = -2. List the prime factors of (50/(-8))/(u/4).
5
Suppose 5*q = 3*l - 50, -2*l - 5*q = -l - 50. List the prime factors of l.
5
Suppose -b = -3*b - 4*w + 750, 0 = -3*w. What are the prime factors of b?
3, 5
List the prime factors of -4 + 65 + -4*1.
3, 19
Let u(c) = -c**2 - 2*c + 29. Suppose -7*r + 10*r = 0. What are the prime factors of u(r)?
29
Suppose 0 = -2*w + 5*c + 39, -3*w - 47 = -6*w - 4*c. List the prime factors of w.
17
Let n be (-4)/3*(-2 + -1). Suppose -k + 36 = -5*k + 4*u, k - n*u = -15. Let r = 14 + k. List the prime factors of r.
7
Let t = -102 + 183. List the prime factors of t.
3
Let f(u) = 3*u**2 + 20*u + 1. What are the prime factors of f(-11)?
2, 3
Suppose 4*s - 99 = -v, v - s = 6*v - 400. List the prime factors of v.
79
Let x = 5 + 5. List the prime factors of (-72)/(-30)*x/3.
2
Let p be (-9)/(-15) - (-104)/10. Let m = 11 + p. List the prime factors of m.
2, 11
Let p be (25/5)/(1 + 0). Let b(l) = l**3 - 4*l**2 - 4*l - 5. Let a be b(p). Suppose a = 4*z + 3*o - 51, 2*z - 32 = -z - o. What are the prime factors of z?
3
Let a(h) be the third derivative of -h**5/120 + 3*h**4/8 + h**3/6 - h**2. Let w(n) be the first derivative of a(n). List the prime factors of w(-8).
17
Suppose x + 4*z - 17 = -0, 4*z = -4*x + 116. List the prime factors of x.
3, 11
Let j(m) = 4*m**2 - m - 1. List the prime factors of j(2).
13
What are the prime factors of 1 - (-4)/4 - -41?
43
Let x be 9/(-2) - 5/10. Let u be -2 - 0 - 1 - x. Suppose -2*q = s + 2 - 4, q = -s + u. List the prime factors of s.
2
Let s = -10 - -5. Let p(k) = k**3 + 4*k**2 - 8*k - 7. Let q be p(s). List the prime factors of 4/(-4) + 2*q.
3, 5
List the prime factors of 56/(-12)*(-17 + 5).
2, 7
Let p = -14 + 36. Suppose p = u + u. List the prime factors of u.
11
Suppose -3*k - 3*v = -16 - 23, k = 3*v - 3. List the prime factors of k.
3
Let p be (-15)/5 - 10/(-2). Suppose 4*n + s = 3, 0*n - 3*n + p*s